9?
6
What is the hundred thousands digit of 299254?
2
What is the tens digit of 835478?
7
What is the tens digit of 203708?
0
What is the hundreds digit of 1607684?
6
What is the hundreds digit of 6165617?
6
What is the tens digit of 8882?
8
What is the millions digit of 6704573?
6
What is the units digit of 23429157?
7
What is the units digit of 93670?
0
What is the thousands digit of 178877?
8
What is the tens digit of 486581?
8
What is the millions digit of 17432132?
7
What is the ten thousands digit of 369086?
6
What is the hundreds digit of 10087181?
1
What is the units digit of 1219224?
4
What is the hundred thousands digit of 298074?
2
What is the hundred thousands digit of 4990152?
9
What is the hundred thousands digit of 329991?
3
What is the ten thousands digit of 81355?
8
What is the thousands digit of 742272?
2
What is the hundreds digit of 446228?
2
What is the tens digit of 1142661?
6
What is the hundred thousands digit of 262846?
2
What is the tens digit of 284787?
8
What is the ten thousands digit of 4437527?
3
What is the tens digit of 19037683?
8
What is the thousands digit of 2871598?
1
What is the thousands digit of 1030532?
0
What is the units digit of 101066?
6
What is the units digit of 6285132?
2
What is the tens digit of 19701147?
4
What is the ten thousands digit of 6051447?
5
What is the ten thousands digit of 13797770?
9
What is the units digit of 305887?
7
What is the units digit of 1173360?
0
What is the ten thousands digit of 3421586?
2
What is the tens digit of 107053?
5
What is the thousands digit of 64873?
4
What is the hundred thousands digit of 120301?
1
What is the ten millions digit of 12983557?
1
What is the hundred thousands digit of 894489?
8
What is the tens digit of 8081862?
6
What is the hundred thousands digit of 125522?
1
What is the units digit of 7899222?
2
What is the units digit of 25572?
2
What is the units digit of 202117?
7
What is the units digit of 9077060?
0
What is the millions digit of 1337119?
1
What is the units digit of 91202?
2
What is the ten thousands digit of 157949?
5
What is the tens digit of 17277538?
3
What is the units digit of 64704?
4
What is the hundred thousands digit of 466861?
4
What is the ten millions digit of 18632578?
1
What is the thousands digit of 281056?
1
What is the tens digit of 612595?
9
What is the millions digit of 1035085?
1
What is the hundred thousands digit of 1737639?
7
What is the hundred thousands digit of 317624?
3
What is the ten thousands digit of 1157503?
5
What is the units digit of 556620?
0
What is the thousands digit of 17326065?
6
What is the hundred thousands digit of 563801?
5
What is the units digit of 4143304?
4
What is the millions digit of 11127974?
1
What is the ten thousands digit of 1225755?
2
What is the ten thousands digit of 4316431?
1
What is the units digit of 3606518?
8
What is the ten thousands digit of 8632415?
3
What is the hundred thousands digit of 24154339?
1
What is the hundred thousands digit of 3779488?
7
What is the hundred thousands digit of 6199429?
1
What is the hundreds digit of 1306690?
6
What is the ten thousands digit of 6029618?
2
What is the thousands digit of 610103?
0
What is the units digit of 1922238?
8
What is the ten thousands digit of 16658657?
5
What is the tens digit of 87455?
5
What is the ten thousands digit of 3156461?
5
What is the tens digit of 290219?
1
What is the units digit of 2150581?
1
What is the tens digit of 370776?
7
What is the thousands digit of 693898?
3
What is the hundreds digit of 5217019?
0
What is the ten thousands digit of 15895167?
9
What is the hundred thousands digit of 26780539?
7
What is the ten thousands digit of 186609?
8
What is the hundred thousands digit of 12959907?
9
What is the millions digit of 1552013?
1
What is the thousands digit of 61178?
1
What is the thousands digit of 1714818?
4
What is the units digit of 4487972?
2
What is the units digit of 4998825?
5
What is the tens digit of 319292?
9
What is the ten thousands digit of 4995832?
9
What is the thousands digit of 578205?
8
What is the thousands digit of 19676914?
6
What is the thousands digit of 471028?
1
What is the thousands digit of 213953?
3
What is the ten thousands digit of 14975?
1
What is the ten thousands digit of 1021360?
2
What is the millions digit of 2214015?
2
What is the ten thousands digit of 7995339?
9
What is the hundred thousands digit of 257567?
2
What is the units digit of 2638829?
9
What is the units digit of 4568408?
8
What is the hundreds digit of 6657303?
3
What is the hundreds digit of 608656?
6
What is the thousands digit of 14134282?
4
What is the hundred thousands digit of 335771?
3
What is the hundred thousands digit of 2288092?
2
What is the tens digit of 416781?
8
What is the thousands digit of 1116571?
6
What is the ten thousands digit of 578895?
7
What is the hundreds digit of 829553?
5
What is the ten thousands digit of 2083453?
8
What is the hundred thousands digit of 3529850?
5
What is the millions digit of 8100679?
8
What is the units digit of 281867?
7
What is the tens digit of 7612821?
2
What is the hundreds digit of 2191057?
0
What is the ten thousands digit of 23465762?
6
What is the units digit of 715967?
7
What is the units digit of 358029?
9
What is the thousands digit of 3945755?
5
What is the hundred thousands digit of 3299527?
2
What is the hundred thousands digit of 969186?
9
What is the thousands digit of 278484?
8
What is the tens digit of 1665853?
5
What is the hundred thousands digit of 5191014?
1
What is the hundreds digit of 186689?
6
What is the thousands digit of 744983?
4
What is the ten thousands digit of 18263943?
6
What is the tens digit of 5389987?
8
What is the thousands digit of 201398?
1
What is the ten thousands digit of 8099560?
9
What is the millions digit of 1402400?
1
What is the units digit of 4806436?
6
What is the hundreds digit of 659557?
5
What is the hundreds digit of 117037?
0
What is the hundred thousands digit of 8496003?
4
What is the thousands digit of 9776473?
6
What is the hundreds digit of 79894?
8
What is the units digit of 14159?
9
What is the hundreds digit of 6823377?
3
What is the hundreds digit of 310139?
1
What is the tens digit of 257321?
2
What is the thousands digit of 8741736?
1
What is the hundred thousands digit of 225958?
2
What is the hundreds digit of 355422?
4
What is the ten thousands digit of 20908416?
0
What is the tens digit of 519903?
0
What is the thousands digit of 1753349?
3
What is the tens digit of 526603?
0
What is the ten thousands digit of 2159921?
5
What is the hundreds digit of 3357343?
3
What is the hundreds digit of 1221771?
7
What is the millions digit of 28733378?
8
What is the hundred thousands digit of 616856?
6
What is the units digit of 12402717?
7
What is the tens digit of 2584990?
9
What is the hundreds digit of 630865?
8
What is the hundred thousands digit of 143634?
1
What is the ten thousands digit of 1101841?
0
What is the ten thousands digit of 219491?
1
What is the thousands digit of 4350936?
0
What is the hundreds digit of 68700?
7
What is the hundred thousands digit of 10325877?
3
What is the tens digit of 356288?
8
What is the tens digit of 331212?
1
What is the hundreds digit of 5689200?
2
What is the units digit of 6867757?
7
What is the ten thousands digit of 741170?
4
What is the thousands digit of 998579?
8
What is the ten thousands digit of 5627321?
2
What is the millions digit of 1384587?
1
What is the millions digit of 3750754?
3
What is the hundreds digit of 72406?
4
What is the units digit of 8102572?
2
What is the units digit of 275296?
6
What is the ten thousands digit of 755904?
5
What is the hundred thousands digit of 120938?
1
What is the tens digit of 3350881?
8
What is the tens digit of 2129921?
2
What is the millions digit of 6944082?
6
What is the thousands digit of 77658?
7
What is the ten thousands digit of 420694?
2
What is the hundreds digit of 3434478?
4
What is the hundred thousands digit of 471425?
4
What is the hundreds digit of 9087?
0
What is the units digit of 214664?
4
What is the hundred thousands digit of 246076?
2
What is the millions digit of 4736919?
4
What is the ten thousands digit of 16716881?
1
What is the hundred thousands d